dred thousands digit of 1417283?
4
What is the thousands digit of 18721153?
1
What is the hundred thousands digit of 226935?
2
What is the units digit of 573657?
7
What is the hundreds digit of 5722606?
6
What is the hundred thousands digit of 416064?
4
What is the units digit of 11315799?
9
What is the tens digit of 1446696?
9
What is the hundred thousands digit of 299397?
2
What is the hundreds digit of 1062734?
7
What is the thousands digit of 834976?
4
What is the hundred thousands digit of 22214489?
2
What is the tens digit of 4490849?
4
What is the ten thousands digit of 444300?
4
What is the ten thousands digit of 12464524?
6
What is the hundreds digit of 1157986?
9
What is the hundreds digit of 15489?
4
What is the hundreds digit of 294738?
7
What is the tens digit of 95243?
4
What is the ten thousands digit of 755980?
5
What is the thousands digit of 2861389?
1
What is the units digit of 4802577?
7
What is the hundred thousands digit of 376002?
3
What is the units digit of 5233640?
0
What is the hundreds digit of 84859?
8
What is the units digit of 79502?
2
What is the thousands digit of 1140303?
0
What is the hundred thousands digit of 4399958?
3
What is the hundreds digit of 438320?
3
What is the hundred thousands digit of 217152?
2
What is the hundreds digit of 723448?
4
What is the ten thousands digit of 994881?
9
What is the ten thousands digit of 4694439?
9
What is the thousands digit of 1047038?
7
What is the tens digit of 13716582?
8
What is the units digit of 1679536?
6
What is the units digit of 42939?
9
What is the hundreds digit of 3907?
9
What is the hundred thousands digit of 135429?
1
What is the millions digit of 2611595?
2
What is the millions digit of 10109009?
0
What is the millions digit of 3109358?
3
What is the thousands digit of 1253837?
3
What is the hundred thousands digit of 3061933?
0
What is the hundred thousands digit of 1103518?
1
What is the hundred thousands digit of 110503?
1
What is the hundreds digit of 130313?
3
What is the thousands digit of 369439?
9
What is the tens digit of 1593340?
4
What is the ten thousands digit of 337360?
3
What is the millions digit of 2439783?
2
What is the hundred thousands digit of 17594174?
5
What is the tens digit of 603102?
0
What is the millions digit of 3955327?
3
What is the millions digit of 12411556?
2
What is the tens digit of 1567?
6
What is the tens digit of 831214?
1
What is the thousands digit of 2971?
2
What is the units digit of 1200963?
3
What is the tens digit of 74178?
7
What is the millions digit of 2527576?
2
What is the ten thousands digit of 204729?
0
What is the thousands digit of 518164?
8
What is the thousands digit of 89605?
9
What is the ten thousands digit of 1472555?
7
What is the hundreds digit of 4185000?
0
What is the ten thousands digit of 12573135?
7
What is the ten thousands digit of 3012967?
1
What is the ten thousands digit of 3322208?
2
What is the hundred thousands digit of 1613180?
6
What is the ten thousands digit of 3789923?
8
What is the hundreds digit of 27196?
1
What is the units digit of 13631145?
5
What is the thousands digit of 53855?
3
What is the hundred thousands digit of 156384?
1
What is the millions digit of 1226547?
1
What is the thousands digit of 1034373?
4
What is the millions digit of 7209366?
7
What is the hundreds digit of 959409?
4
What is the ten thousands digit of 22019103?
1
What is the hundreds digit of 885005?
0
What is the tens digit of 372724?
2
What is the ten thousands digit of 9425932?
2
What is the tens digit of 313670?
7
What is the millions digit of 1127994?
1
What is the millions digit of 4120674?
4
What is the hundreds digit of 3194241?
2
What is the tens digit of 285002?
0
What is the hundred thousands digit of 3168864?
1
What is the hundreds digit of 342411?
4
What is the ten thousands digit of 12798370?
9
What is the tens digit of 926597?
9
What is the units digit of 2721134?
4
What is the thousands digit of 11113655?
3
What is the ten thousands digit of 2192625?
9
What is the units digit of 181992?
2
What is the millions digit of 19731753?
9
What is the hundred thousands digit of 1692523?
6
What is the tens digit of 74324?
2
What is the tens digit of 5692123?
2
What is the hundred thousands digit of 5525576?
5
What is the ten thousands digit of 71600?
7
What is the hundred thousands digit of 968252?
9
What is the ten thousands digit of 1510588?
1
What is the hundreds digit of 1317624?
6
What is the millions digit of 1096046?
1
What is the tens digit of 9094034?
3
What is the thousands digit of 1127151?
7
What is the millions digit of 2568796?
2
What is the hundred thousands digit of 321571?
3
What is the hundreds digit of 14243549?
5
What is the units digit of 1646949?
9
What is the tens digit of 286504?
0
What is the hundreds digit of 448476?
4
What is the tens digit of 1855823?
2
What is the ten thousands digit of 18026340?
2
What is the tens digit of 597421?
2
What is the thousands digit of 866346?
6
What is the thousands digit of 8011278?
1
What is the thousands digit of 453555?
3
What is the units digit of 118743?
3
What is the units digit of 84747?
7
What is the hundred thousands digit of 10022378?
0
What is the ten thousands digit of 8623502?
2
What is the hundred thousands digit of 12895803?
8
What is the thousands digit of 2634757?
4
What is the hundreds digit of 2114199?
1
What is the units digit of 1086784?
4
What is the units digit of 1076030?
0
What is the tens digit of 3186051?
5
What is the units digit of 18319965?
5
What is the ten thousands digit of 174306?
7
What is the hundred thousands digit of 933051?
9
What is the hundred thousands digit of 3365866?
3
What is the ten thousands digit of 289320?
8
What is the hundred thousands digit of 199118?
1
What is the hundreds digit of 133003?
0
What is the hundred thousands digit of 1252704?
2
What is the millions digit of 9185749?
9
What is the tens digit of 3436499?
9
What is the ten thousands digit of 210498?
1
What is the hundred thousands digit of 10492638?
4
What is the hundreds digit of 71246?
2
What is the hundreds digit of 2871108?
1
What is the hundreds digit of 68906?
9
What is the millions digit of 3553508?
3
What is the hundred thousands digit of 6272661?
2
What is the hundred thousands digit of 511394?
5
What is the tens digit of 10585769?
6
What is the tens digit of 1843249?
4
What is the thousands digit of 525125?
5
What is the thousands digit of 1113964?
3
What is the thousands digit of 305164?
5
What is the hundred thousands digit of 205968?
2
What is the units digit of 141834?
4
What is the tens digit of 5626405?
0
What is the thousands digit of 320098?
0
What is the thousands digit of 1027132?
7
What is the hundred thousands digit of 228949?
2
What is the hundreds digit of 21046?
0
What is the hundreds digit of 17536?
5
What is the thousands digit of 102646?
2
What is the thousands digit of 614022?
4
What is the units digit of 119681?
1
What is the tens digit of 184326?
2
What is the ten thousands digit of 440684?
4
What is the hundred thousands digit of 23368389?
3
What is the millions digit of 4186510?
4
What is the tens digit of 5150207?
0
What is the ten thousands digit of 585135?
8
What is the hundred thousands digit of 648166?
6
What is the units digit of 908148?
8
What is the units digit of 12013383?
3
What is the tens digit of 365239?
3
What is the units digit of 14737611?
1
What is the thousands digit of 1117020?
7
What is the tens digit of 6671058?
5
What is the units digit of 39742?
2
What is the millions digit of 7435468?
7
What is the thousands digit of 343625?
3
What is the hundreds digit of 755817?
8
What is the ten thousands digit of 49716?
4
What is the hundreds digit of 5020223?
2
What is the units digit of 44147?
7
What is the millions digit of 4733850?
4
What is the tens digit of 279321?
2
What is the hundreds digit of 399353?
3
What is the ten thousands digit of 364142?
6
What is the units digit of 540572?
2
What is the thousands digit of 578446?
8
What is the ten thousands digit of 1009697?
0
What is the thousands digit of 2555470?
5
What is the tens digit of 431587?
8
What is the ten thousands digit of 7519350?
1
What is the hundreds digit of 2763549?
5
What is the units digit of 200